 - 51 = h, u*y - 1 = -5*s + 32. What is the units digit of s?
9
What is the units digit of (748/(-33))/(4/(-6))?
4
Let y(s) = 4*s**3 + 9*s**2 - 12*s + 6. Let p(a) = 5*a**3 + 10*a**2 - 13*a + 6. Let l(c) = 5*p(c) - 6*y(c). What is the units digit of l(4)?
2
Suppose -4*q + 5 + 5 = 5*t, 11 = 3*q + 2*t. Let y(s) = s**2 - 2*s - 5. Let p be y(q). What is the units digit of (-4)/p - (-12)/5?
2
Let j(k) = k**2 + 5*k - 1. What is the units digit of j(-6)?
5
Let m = -11 - 4. Let u = 24 + m. What is the units digit of u?
9
Let p(y) = y**2 + 5*y - 8. Let r be p(-7). Suppose -5 = -k + r. What is the tens digit of k?
1
Suppose -2*r - 5*y + 75 = 3*r, 3*r - 25 = y. Let j be (-30)/4*r/(-15). Suppose 1 - 30 = -f + 3*t, -j*t = -2*f + 53. What is the tens digit of f?
1
Suppose -s + 6*s - 55 = 0. Let w = s - -22. What is the units digit of w?
3
Let f be (-3)/(-1) - 24/(-2). Suppose d + x = 3*x - 8, -3*x + f = 0. What is the tens digit of d/(-6) + 58/3?
1
Let x = 9 + 15. Suppose 4*z - 12 = x. What is the units digit of z?
9
Suppose 2*n + n = 9. Suppose 0 = n*m - 15 - 12. What is the units digit of m?
9
Let z = -4 + 6. Let w(y) = -y**3 + 3*y**2 - 2*y + 2. What is the units digit of w(z)?
2
Let w(z) = 52*z**3 + 2*z**2 - 2*z + 1. What is the units digit of w(1)?
3
Let a(l) be the first derivative of 2*l**3/3 + 3*l - 4. What is the units digit of a(3)?
1
Let g(x) = 34*x - 20. What is the hundreds digit of g(7)?
2
Let c = 6 - 4. Suppose 17 - 69 = -c*i. What is the tens digit of i?
2
Suppose 3*f = 2*a + 2, 0 = -2*a + 5*f - 6 - 0. Suppose 5*x - 9 = a*x. What is the units digit of 43/x - 3/9?
4
Suppose 10*o - 916 + 6 = 0. What is the tens digit of o?
9
Let z(k) = 94*k**2 + 5*k - 3. What is the units digit of z(1)?
6
Let i = -51 - -130. What is the tens digit of i?
7
Suppose -g - 3*g = -40. What is the units digit of (-12)/10*g/(-4)?
3
Let d = 0 - -27. What is the units digit of d?
7
Let t be (9/6)/((-2)/8). Let b = -3 - t. Suppose 12 = 2*m + u, 0 = -b*m + 5*m + 2*u - 14. What is the units digit of m?
5
Let d = 13 + -23. Suppose -2*l - 6 - 3 = 5*c, -4*l = 5*c + 43. Let z = d - l. What is the units digit of z?
7
What is the tens digit of 202*1 + (-19 - -19)?
0
Let a = -7 - -11. Suppose -a*g - 1 = 3. Let d = 2 + g. What is the units digit of d?
1
Let g be ((-24)/10)/(1/(-5)). Suppose 6*r - g = 2*r. What is the units digit of r?
3
Let w = -5 + 5. Let b = w + 11. What is the tens digit of b?
1
Let x(j) = j**3 - 12*j**2 + 12*j - 4. Let k be x(11). Suppose g = 2, 0 = -k*q + 2*q - 5*g + 60. What is the tens digit of q?
1
Let g(a) = -a**3 + 3*a**2 + 3. Let x = -1 + 4. What is the units digit of g(x)?
3
Suppose -2*c - p - 9 = 0, -c + 5*c + 36 = 4*p. Let q be (-740)/c*18/(-4). What is the tens digit of 6/33 + q/(-33)?
1
Let f be (4 + -6 + 3)*4. Let u be (-2)/f + (-488)/(-16). Suppose -a = a - u. What is the tens digit of a?
1
Let g = -4 + 9. Suppose -11 - 4 = -g*y. Suppose 0 = r + y*r - 4. What is the units digit of r?
1
Let q = -4 + 5. Let v(x) = 32*x**2 + x. What is the tens digit of v(q)?
3
Let z(w) = 2*w**2 + 13*w + 8. What is the units digit of z(-11)?
7
Suppose -2*f = 6 - 2. Let m be (-7)/f*12/21. Suppose 5*d = -3*w + 9, -1 + 7 = m*w + 5*d. What is the units digit of w?
3
What is the units digit of (-14)/((6 - 3)/(-3))?
4
Suppose -4*r = w - 74, 5*r - 18 - 2 = 0. What is the tens digit of w?
5
Suppose 0 = -5*r - 16 + 91. What is the units digit of r?
5
Let g(n) be the first derivative of n**3/3 - n**2/2 + 4*n + 2. What is the units digit of g(3)?
0
Suppose 0 = m, 3*m - 28 = -4*b - m. Suppose -3*h + 4*q - b = -30, -q = h - 10. What is the units digit of h?
9
Let t be (-44)/(-6)*(-4 + -2). Let g = -30 - t. What is the tens digit of g?
1
Suppose 4*p = -8, -2*x + p = -2*p - 224. What is the hundreds digit of x?
1
Let o(q) = q + 4 - 3 + 3. Let r be o(0). Suppose -5*l + 25 = 5*j, -6*l - 60 = -r*j - 2*l. What is the units digit of j?
0
Suppose 0*i + 4*i = 0. Suppose -s - s = i. What is the tens digit of (s + -4)/((-4)/10)?
1
Suppose -2*x = 3*w - 70, x + w + 0*w - 33 = 0. What is the tens digit of x?
2
Suppose -8 - 15 = -w + 3*h, 10 = 2*w + 3*h. Suppose 5*g - w = 9. Suppose -3*c + g = -5. What is the units digit of c?
3
Suppose 4*w + 3*l = 18, 16 = w + 4*l + 5. Let r = w + 6. What is the units digit of r?
9
Let x = 19 - 9. Suppose o + o - x = 0. What is the units digit of o?
5
Suppose 0 = 3*u - 5*j, -16 = -2*u - 5*j + 3*j. Let v = 7 - u. Suppose h = -3*g + 3, 2*h + v*g = -2*g + 12. What is the tens digit of h?
1
Let p(j) = j + 3. Suppose 2*o = -0*o. Let s be p(o). Suppose y - 5 = s. What is the units digit of y?
8
Let t = 13 + -9. Suppose d + 3 = -t*v + 2*v, 2*d - v - 4 = 0. What is the units digit of d?
1
What is the hundreds digit of 2 + -370*5/(-10)?
1
Suppose -5*y = -0*y + 4*x - 58, 5*y - 3*x = 44. Suppose -r + 4*s = y + 7, 3*s - 15 = 0. What is the units digit of r?
3
Let a(o) = o**2 + 2*o + 2. Let b be a(-2). Let x(w) be the first derivative of -w**4/4 + 4*w**3/3 - 2*w**2 + 2*w + 7. What is the units digit of x(b)?
2
Let r(v) be the second derivative of -3*v**3/2 - v**2/2 - v. Let k = 6 - 7. What is the units digit of r(k)?
8
Let z(c) = 6*c**3 - 3*c**2 + 4*c - 2. Let o be z(2). Suppose -30 = -4*h + o. What is the tens digit of h?
1
Let i be 12*(-2 + (-5)/(-2)). Suppose w = -5*f, -5*f = -2*f - i. What is the units digit of (w/3)/(2/(-9))?
5
Suppose 5*i = -2*p + 6*i + 12, 3*i - 9 = -3*p. Suppose -3*t - t - 11 = -p*l, 0 = -3*t - 12. Let y(w) = -4*w - 1. What is the units digit of y(l)?
3
Let i = 2 + -2. Suppose 2*q = 2*s - 14, -3*q + i*q - 11 = -s. Suppose 21 = 4*l + m, -s*l + 4 + 17 = -4*m. What is the units digit of l?
5
Let r(o) be the first derivative of -o**3/3 - 2*o**2 - 4*o + 1. Let p be r(-4). What is the units digit of (14/(-4))/(2/p)?
7
Let k be (-21)/(-6) - 7/14. Suppose -k*h = 5*t - 28, -3*t = 4*h - 10 - 9. What is the units digit of h?
1
Suppose 5*q - j = 92, -2*j + 89 = 5*q - 4*j. Let w = q + -10. What is the units digit of w?
9
Let g(d) = 10*d**2 - 3*d - 3. What is the units digit of g(-2)?
3
Let f be (-2)/(-4)*-2 - -7. Let l = f - 3. What is the units digit of l?
3
Let g(s) = s**2 - 5*s + 3. Suppose 0 = -p + 2*p - 6. What is the units digit of g(p)?
9
Let w = 4 + 96. What is the tens digit of w?
0
Let j be (-31)/(-1 - (-2)/4). Suppose -78 = -5*h + j. Let s = h + -20. What is the units digit of s?
8
Suppose 0 = 2*g - 3*c - 107, -g - 5*c + 3*c + 57 = 0. What is the units digit of g?
5
Let a(r) = r - 10 - 3*r - r + 0*r. What is the units digit of a(-13)?
9
Let z(a) = -a - 9 - 4 - 16. Let s be z(0). Let t = -14 - s. What is the tens digit of t?
1
Let o(r) = -5*r - 4*r + 2*r**2 - 8 - r**2. Suppose -19 = -3*u + 11. What is the units digit of o(u)?
2
Suppose 4*i + 15 = 5*s, -2*s + 0*i - 1 = -3*i. Suppose -2*f = -s*f + 15. Suppose 2*j - 10 = -4*l, j + 0 = f*l - 5. What is the units digit of l?
2
Suppose 4*p - 6 = -2*g, -1 = 5*p + 4. Suppose g = 3*k - 7. What is the units digit of k?
4
Let g(s) = -s - 3. Let r be g(-3). Suppose r*q - 4*q = -36. What is the units digit of q?
9
Suppose 24 = 6*u - 3*u. Let s = 15 - u. What is the units digit of s?
7
Let n = -4 + 1. Let t(u) = -u**2 - 3*u + 2. What is the units digit of t(n)?
2
Let h = 11 + -15. What is the units digit of ((-7)/h)/(1/4)?
7
Let p(o) be the first derivative of -o**2 + 9*o + 3. What is the units digit of p(-5)?
9
Suppose -3*v + v + 3*q + 182 = 0, -3*q - 12 = 0. What is the units digit of v?
5
Suppose -124 = 3*q - 4*q. What is the tens digit of q?
2
Let q = -3 - -5. Let t = -5 + 9. Let x = t - q. What is the units digit of x?
2
What is the tens digit of 1*-24*18/(-24)?
1
Let w(l) = -l**3 - l**2 + 4*l. Let h(n) = n**2 - 7*n + 3. Let j be h(7). Suppose -j*b + 2 = 11. What is the units digit of w(b)?
6
Let z = -29 - -46. What is the units digit of z?
7
Let o = 34 + 7. What is the units digit of o?
1
Let b = 333 - 188. What is the units digit of b?
5
Let q be ((-4)/6*-21)/1. Suppose -5*p + 1 = -q. What is the units digit of (-1)/p - (-20)/6?
3
Let l(o) = -3*o - 2. Let v be l(-2). Suppose v*p + p = 30. Suppose 4*x = 2*x + p. What is the units digit of x?
3
Let v = 23 - 38. What is the units digit of (0 - -1) + (-2 - v)?
4
Suppose -107 - 277 = -6*f. What is the units digit of f?
4
Suppose 5*u + 15 = 5. Let k(i) = -i**3